s the highest common factor of 84 and u?
28
Suppose -4*v + o = 2*o - 325, -v = -5*o - 76. What is the highest common factor of 27 and v?
27
Suppose -327 = -3*c + 9. What is the greatest common divisor of c and 16?
16
Let s(j) = j - 2. Let v be s(7). Calculate the greatest common factor of 45 and v.
5
Let v be (-4)/(5/(225/(-6))). Calculate the highest common factor of v and 6.
6
Let x(t) = -t**2 - 7*t - 4. Let s be x(-6). Suppose -s*v = 1 - 21. Calculate the greatest common factor of 15 and v.
5
Let a(k) = -32*k - 2. Let g be a(-1). What is the greatest common divisor of g and 5?
5
Let v(o) = 3*o**2 + 3*o - 2. Let l be v(-3). Let f(b) = -b**3 - 3*b**2 + 3*b + 5. Let a be f(-5). What is the highest common divisor of a and l?
8
Suppose -4*g + 5*g = -2*d + 22, d - g - 17 = 0. Suppose d = 5*h - 47. Let z be 5/(h/9 - 1). Calculate the greatest common divisor of 5 and z.
5
Suppose 0 = 2*u + 1 + 1. Let p be ((-22)/(-4))/u*-42. What is the greatest common factor of p and 21?
21
Let g(o) = -o**2 - 5*o + 3. Let z be g(-4). Let k be (1*-1)/((-1)/z). Let s be 42 + 1 + k/7. Calculate the highest common factor of 22 and s.
22
Let p = 6 - 2. Let m be p/(-18) - 1300/(-18). What is the greatest common divisor of 18 and m?
18
Let b be 6/(1 - (-2)/2). Suppose 2*x + 0*x - 234 = 0. Let m be x + 7 + (0 - b). Calculate the highest common divisor of 11 and m.
11
Suppose -f + 2*i + 10 = 0, -2*f = -2*i - 14 - 6. Calculate the highest common factor of f and 15.
5
Let q be (-6)/16*-2*4. Suppose -18*c + 15*c + w = -62, 47 = 2*c + 5*w. Calculate the highest common factor of c and q.
3
Let b(v) = -v**2 - 8*v + 5. Suppose 3*a - 4 = -0*p + 2*p, -5*p + 2*a = 32. Let u be b(p). Calculate the highest common factor of u and 5.
5
Let m(q) be the first derivative of -5*q**3 - q + 2. Let i be m(1). Let p be ((-1)/2)/(2/i). Calculate the greatest common factor of p and 4.
4
Suppose -26*n = -27*n + 28. What is the highest common factor of 35 and n?
7
Let r = -1 - -3. Let m be r/(-4)*-6 - -53. Calculate the greatest common factor of m and 14.
14
Suppose 25*g - 601 + 201 = 0. What is the highest common divisor of g and 4?
4
Suppose -3*y = 12 - 3. Let t be 2 + (-15)/3 - y. Let f(o) = o**2 + o + 13. Let k be f(t). What is the greatest common divisor of 26 and k?
13
Let f = 16 + -23. Let d(n) be the third derivative of n**5/60 + n**4/8 - 5*n**3/3 - n**2. Let s be d(f). Calculate the greatest common factor of s and 126.
18
Suppose 5 = -5*n + 3*o + 2*o, -4*n - 2*o = -20. Let f(j) = 2*j + 3 - 6*j + n*j. Let b be f(0). What is the highest common factor of b and 1?
1
Let a be 26/2*8/4. Let z = 10 + a. What is the greatest common divisor of z and 12?
12
Suppose h = -2*a - 0*a + 29, -3*a - h = -43. Let w = 38 - a. Calculate the highest common divisor of w and 8.
8
Suppose 3*g - 39 = m + 17, -4*m + 82 = 5*g. What is the greatest common factor of g and 12?
6
Let w(q) = 2*q + 7. Let m be w(3). What is the greatest common divisor of 13 and m?
13
Let f(t) = t**3 - 7*t**2 + 7*t + 3. Let u be f(6). Calculate the highest common divisor of u and 9.
9
Let m = -10 - -12. Suppose x = m*g - 13, 5*g = g + 5*x + 29. Calculate the greatest common divisor of g and 3.
3
Let l(g) = 2*g + 74. Let o be l(-12). What is the greatest common factor of 20 and o?
10
Suppose 0 = i + 2*w + 44, w = 2*i + 96 - 13. Let l = i + 75. Calculate the highest common divisor of l and 3.
3
Let v = 12 + -10. Let b be -30*(0 - v/4). Calculate the greatest common divisor of b and 75.
15
Let h be -7*(5 - 2 - 12). What is the highest common factor of 9 and h?
9
Suppose -64*p - 8 = -66*p. Calculate the highest common divisor of 36 and p.
4
Let q be 1*(-19 + 1) + -2. Let m be ((-5)/q)/((-2)/(-8)). What is the greatest common divisor of 9 and m?
1
Let b = -39 + 77. Calculate the highest common factor of 19 and b.
19
Suppose -2*g - 5*s + 42 = 0, 5*g - s = 3*s + 105. Calculate the greatest common divisor of g and 84.
21
Let s(f) = 12*f**2 - 2*f - 2. Let n be s(-3). What is the greatest common divisor of n and 14?
14
Let x = 0 - -4. Suppose -2*o + 9 = 1. Suppose -i = 5, o*i - 12 = -3*r + 16. Calculate the highest common factor of r and x.
4
Let h be (0 - 11)/(7 + -8). Calculate the highest common factor of h and 33.
11
Let f(l) = 35*l**3 - 3*l**2 + 3*l. Let g be f(1). Suppose -5*v + 92 = 22. Calculate the greatest common factor of g and v.
7
Suppose 5*h - 7 = -z, 5*z - 4*h - 47 + 12 = 0. What is the highest common factor of 63 and z?
7
Let v(y) = 3*y - 4. Let t be v(3). Suppose -t*o - 239 = -4*n, 2*n - 177 = -n + 3*o. What is the highest common factor of 8 and n?
8
Let n be ((-12)/8)/((-1)/14). Suppose c = -0*t - 2*t + 21, 0 = -4*c + t + 84. Calculate the greatest common divisor of c and n.
21
Let r be (15/(-25))/(3/(-45)). What is the greatest common factor of 27 and r?
9
Suppose 3 = -b + 6. Let d be 5/3 + (-2)/b. Let u be d - 3 - (2 + -6). Calculate the highest common divisor of 6 and u.
2
Suppose 22*o = 24*o - 2*k - 12, 5*o = -3*k - 2. Calculate the greatest common divisor of o and 8.
2
Let j = 16 - 11. Suppose -2*l + j*l = 18. What is the greatest common divisor of l and 18?
6
Suppose 4*f = 19 + 45. Suppose 0 = 3*r + c - 28, -2*r + 7*c - 2*c - 4 = 0. Calculate the greatest common divisor of r and f.
8
Let a = 18 - 13. Suppose a*k = -11 + 41. Suppose l = -k + 22. Calculate the highest common divisor of 32 and l.
16
Suppose 68 = 5*a - 12. Calculate the highest common divisor of a and 16.
16
Let w be 3128/18 + -7 + (-325)/(-45). Calculate the greatest common factor of w and 6.
6
Suppose -2*i = -29 - 5. Let z = i - 12. What is the highest common divisor of 35 and z?
5
Suppose 5*m - 13 = n - 5*n, 1 = n + 2*m. Calculate the greatest common factor of n and 7.
7
Let m(c) = -c**2 - 8*c. Let i be m(-8). Suppose -r - 2 + 3 = i. Let l be 2*r/(-2)*-7. What is the highest common factor of 28 and l?
7
Let z(y) = -y + 2. Let b be z(6). Let v be (16/6)/((-1)/9). Let t be (10/4)/(b/v). What is the highest common factor of 60 and t?
15
Suppose 5*v = 5*z + 4*v - 113, 2*v + 72 = 3*z. Calculate the highest common factor of 110 and z.
22
Suppose -t = 5*p, p = 4*t - 2*p. Let j = 0 - -9. Suppose 3*d - 2*d - j = t. What is the greatest common divisor of 90 and d?
9
Let f be ((-12)/(-10))/((-3)/(-15)). Let u(c) = 6 + c**2 - 2 + 2 + 4*c. Let x be u(-4). Calculate the highest common factor of x and f.
6
Let x(c) = c**3 - 9*c**2 - 9*c - 6. Let g be x(10). What is the highest common factor of g and 20?
4
Suppose -3*n + 3*h = 6, -6*n + 4*n + h = -1. Let j be n + (20 - 6/3). Calculate the greatest common factor of 14 and j.
7
Let k = 23 + -18. Calculate the greatest common factor of k and 10.
5
Let k be (38/4 - 9/(-6))*10. What is the highest common divisor of k and 10?
10
Let c be -2 + (-5)/2*-4. Let m = c - 2. Let x be -2 - -4*57/m. What is the greatest common divisor of x and 6?
6
Let d(q) = 0*q - 2 + 3*q - 11*q**2 - 3*q. Let k(h) = -h**2 - 1. Let t(b) = -d(b) + 3*k(b). Let r be t(-1). Calculate the highest common factor of r and 7.
7
Let p be -22*1/(-4)*-2. Let z = p + 19. Suppose 2 = -k - 3*c + 84, -2*k - 5*c = -166. What is the highest common factor of k and z?
8
Suppose -2*o + 4*a + 30 + 10 = 0, -4*o + 3*a + 65 = 0. Let h = 166 + -96. What is the greatest common divisor of o and h?
14
Suppose q - d = 13, 0*q + 3*q - 21 = -3*d. Calculate the greatest common factor of q and 250.
10
Suppose -w - 2*w + 7 = -4*g, -w + 2*g = -1. Suppose -n = -3*s + w*s, 0 = -2*n + 4*s + 40. What is the highest common factor of n and 2?
2
Let z(t) = 2*t**2 - 8*t + 8. Let m be z(5). Calculate the highest common divisor of m and 45.
9
Suppose 4*g = 2*i + 22, 0 = 2*g + 2*i - 5*i - 13. What is the highest common factor of 5 and g?
5
Let s(h) = -h**3 - 5*h**2 - 5*h + 2. Let u be s(-4). Let v be (-2)/u - 674/(-6). Suppose -48 = -z - 2*z. What is the greatest common divisor of z and v?
16
Let s(j) = -j + 1. Let w be s(2). Let c be (-5 + w)*9/(-2). What is the greatest common divisor of c and 297?
27
Let r(y) = -y**3 - 11*y**2 - 10*y + 4. Let w be r(-10). Suppose -3*i = -12 - 0. What is the highest common divisor of i and w?
4
Suppose 0 = -c - 2 - 1, 0 = 3*i + 5*c + 33. Let d be (i - 1)/(1/(-11)). Calculate the greatest common divisor of 11 and d.
11
Let o(r) = r**2 - 16*r + 3. Let n be o(16). L